h(g) = 6*g**2 + 8*g - 2. Let s(k) = -11*k**2 - 15*k + 3. Let a(x) = o*s(x) + 7*h(x). Determine a(-3).
-8
Let p(c) be the first derivative of c**3/3 + c**2/2 + 9*c + 408. Calculate p(0).
9
Let t(z) = z. Let n(g) = 7*g. Let i(r) = 2*n(r) - 10*t(r). Let l be 32/5 - (90/(-25))/6. Suppose l*q + 6 = 10*q. Give i(q).
8
Let u(k) = -5*k**3 + 15*k**2 + 5*k - 5. Let o(h) = -6*h**3 + 16*h**2 + 6*h - 3. Let q(p) = 4*o(p) - 5*u(p). Calculate q(11).
2
Let g(z) = z**2 - 9*z + 10. Let c be g(9). Let l(a) = -18*a + 3*a + c*a + 8 + a**2. Calculate l(6).
14
Let n(l) = l**3 + 3*l**2 + l - 3. Suppose -20 = -4*r + 16. Let v = r + -13. Let h(q) = q**3 + 5*q**2 + 6*q + 5. Let c be h(v). Determine n(c).
-6
Let p(a) be the third derivative of -3*a**2 + 0*a + 1/2*a**3 + 0 + 1/12*a**4. Determine p(3).
9
Let x(d) be the first derivative of -d**3/3 + 7*d**2/2 - 2*d + 1. Let s(i) = -i**3 + 3*i**2 + i. Let p(q) = 2*q - 2. Let n be p(2). Let h be s(n). Give x(h).
4
Let t(f) = f**3 + 6*f**2 + 5*f - 6. Let p be t(-5). Suppose -1 = 2*o - 7. Let s(w) = -7 - 8*w + 3*w - w**o + 3*w - 6*w**2. Calculate s(p).
5
Let h(c) = -23*c - 252. Let n be h(-11). Let k(p) = -21*p**3 + 2*p**2 - 2*p + 1. Determine k(n).
-20
Let w be (24/18 - 6)/((-2)/(-3)). Let i(y) = y**2 + 8*y - 9. Give i(w).
-16
Suppose -4*c + 4*y + 21 = 5, -3*y + 2 = -c. Let q(l) = l**3 - c*l - 7*l + 7*l**2 + 6 + 15*l. Determine q(-7).
-1
Let l(o) be the second derivative of -11*o + 1/12*o**4 + 0 + 3/2*o**2 - 1/2*o**3. Calculate l(2).
1
Let x(c) be the first derivative of -c**2/2 - 3*c + 1. Suppose 171*d - 112*d = -413. What is x(d)?
4
Let y(s) = 4*s**2 - 2*s**2 + s - 2 - 3*s - s**3. Suppose 0 = -5*h + 6 - 106. Let u = -18 - h. Determine y(u).
-6
Let a(m) = -m**2 - 9*m - 6. Suppose 32 = 4*q - 92. Suppose -3*h - 27 = -0*h + l, 0 = -2*h - 5*l - q. What is a(h)?
2
Let t = -41 - -47. Let s(y) = -3*y + 9. Calculate s(t).
-9
Suppose -8 = 2*y + 4*j, -2*y - 3*j = -0*y + 5. Suppose 2*a + y*a - 2*p = -20, -2*p = 4*a + 28. Let x(d) = -d**2 - 6*d + 2. Determine x(a).
2
Let j(v) = v + v + 5 - 2. Let l be (2 + -3)*20/15*3. What is j(l)?
-5
Let b(l) = l**3 + 4*l**2 + 3*l - 2. Let m(d) = -d**3 + 8*d**2 - 9*d + 14. Let k be m(7). Suppose k = 3*f, -4*x - 1 = -4*f + 11. Determine b(x).
-2
Let c(x) be the first derivative of x**2/2 - 9*x + 262. Calculate c(5).
-4
Let b(z) = 2*z**2 - 4*z - 7. Suppose -4 = 10*g - 54. What is b(g)?
23
Let i(j) be the third derivative of j**6/720 - j**5/30 + j**4/4 - 11*j**2. Let h(k) be the second derivative of i(k). What is h(0)?
-4
Let g(f) be the third derivative of -f**5/60 + 11*f**4/12 - f**3/3 - 2*f**2 + 10*f. Determine g(22).
-2
Let s(w) = 183*w**2 - 4 - 94*w**2 - 90*w**2 + 3*w. Give s(3).
-4
Let z(x) = -3*x - 4. Let n be (26 + 0)/((-8)/(-24)). Let r be (-2)/5 + n/(-30). Calculate z(r).
5
Let s(f) be the first derivative of -f**3/3 + f**2/2 - 3*f - 432. Determine s(-3).
-15
Let q(v) = -3*v**2 + 2. Let j(d) = d**2 - d. Suppose 9*t + 9*t = 36. Let a(p) = t*j(p) + q(p). Calculate a(-4).
-6
Let w be 5/(1 + -3 - (-5 - -4)). Let j(v) = -4 + v + 0*v + 2*v - 4*v. What is j(w)?
1
Let z(l) be the second derivative of l**4/12 - 13*l**3/6 - 2*l**2 + 466*l. Determine z(11).
-26
Suppose 4*k - s + 4 = 6, 3*s + 6 = 0. Let i(w) be the first derivative of 0*w**3 + 9 + 1/4*w**4 - 2*w + 0*w**2. Calculate i(k).
-2
Let o(a) = 2*a**2 - 3*a + 2. Let l be 6/(-9) - (-17)/3. Suppose 0 = 2*z - 3*z + l. Let i be 3/(-1) - (z - 10). Determine o(i).
4
Let s = 120 - 86. Suppose 10 = -6*j + s. Let m(x) = -x**3 + 3*x**2 + 6*x - 3. Determine m(j).
5
Let g(m) be the second derivative of -2*m**3/3 + 5*m**2/2 - 8*m. Let v(r) = r - 1. Let q(y) = -2*g(y) - 6*v(y). Calculate q(4).
4
Let u(r) = -11*r - 13. Suppose 64*g + 8 = 60*g. Calculate u(g).
9
Let t(d) = 10 + 0*d**3 - d**3 - 60*d + 51*d + 6*d**2 + 2*d**2. Calculate t(7).
-4
Let d be 2/(-9) + 29/9. Let f(j) = 2*j**2 - 10*j**2 + 4*j - 8*j**2 - 3*j + 3 + 15*j**2. Determine f(d).
-3
Let o(w) = 4*w + 19. Let h = -167 + 161. Give o(h).
-5
Suppose -m + 4 = s + 2, 2*m + 4 = 0. Let r(n) = 2*n - 9*n**2 + 16*n**2 - 6*n**2 + 3*n + s. Give r(-4).
0
Let a(s) = -8*s + 15. Let p(i) = 15*i - 29. Let f(t) = 7*a(t) + 4*p(t). Let d be f(3). Let b(j) = 2*j**2 + j - 1. Calculate b(d).
2
Let a be ((-5)/(-15))/((-2)/(-30)). Let d be ((-8)/6)/((-5)/(-15)). Let o(l) = 5*l + 1. Let k(j) = j. Let r(h) = d*k(h) + o(h). What is r(a)?
6
Let h(g) = g**2 + 38*g - 535. Let f be h(-49). Let p(n) = -n**3 - 4*n**2 + 4*n - 1. Let b be p(-5). Let r(k) = -k**2 + k + 0 + 2 + b*k. Calculate r(f).
6
Let i(w) = w + 1. Suppose -2*v = -4, -k = 2*k - v - 4. Suppose -2*h + 0*h = k. Determine i(h).
0
Suppose 5*f + 0*f + 2*q - 17 = 0, -f - 2 = -5*q. Let t(n) = 5*n**3 - 8*n**2 - f + 6*n**3 - 10*n**3. Determine t(8).
-3
Let l(s) = s**2 - 26*s - 121. Let p be l(30). Let k(h) = -25*h**2 - 1. Determine k(p).
-26
Let m(h) = h - 17. Let c be m(24). Let n(k) = k**2 - 11*k + 7. Give n(c).
-21
Let w(z) be the third derivative of 1/24*z**4 + 0*z + 0*z**3 + 2*z**2 + 0 - 7/60*z**5. Let u = -56 + 57. Calculate w(u).
-6
Let b(t) = -t**3 - 6*t**2 - 6*t - 1. Let j = 37 - 41. Give b(j).
-9
Let l(w) = 2*w**3 - w**2 - 7*w - 1. Let h(q) = -4*q**3 + 2*q**2 + 16*q + 3. Let p(n) = -2*h(n) - 5*l(n). Let y be (0 - (-4 + 3)) + 1. Give p(y).
-7
Let c(n) = -n - 1. Suppose 0 = y - 4*d - 13, 4 = 7*y - 11*y + 2*d. Determine c(y).
2
Let i(h) = -1. Let w(z) = z. Let j(o) = 3*i(o) - w(o). Let s be (36/(-15))/(36/135). Calculate j(s).
6
Let p(r) = r**3 + 27*r**2 - 25*r + 91. Let v be p(-28). Let j(z) = z - 16. Give j(v).
-9
Let i(b) = b**3 - 6*b**2 - 6*b - 9. Let u = -4 - -8. Suppose 0 = -5*l - 11 - u. Let s be 4/(-12) + (-22)/l. Determine i(s).
-2
Suppose 8*c - 5*c = 0. Let z = 5 + c. Suppose -o - 3*o - 2*b = -2, z*b + 6 = o. Let m(t) = -15*t**3 - t**2 + 1. Determine m(o).
-15
Let d(l) be the first derivative of -1/4*l**4 - l + 13 - 2*l**3 + 0*l**2. Let p = 5 + -11. Calculate d(p).
-1
Let y(j) = 31*j + 116. Let b be y(-4). Let i(w) = w**2 + 10*w + 15. Give i(b).
-1
Let k(d) = 1 - 2 + 12*d + 15 - d - 4*d. Give k(-6).
-28
Let y(a) = 11*a. Let q(i) = 24*i. Let n(j) = q(j) - 2*y(j). What is n(-7)?
-14
Let h(q) = -38*q**2 + q**3 - 3 + 75*q**2 - 34*q**2 - 7*q + 2*q - 3. Give h(-3).
9
Let y(f) = 22*f - 4. Let k(z) = 33*z - 7. Let q(t) = -5*k(t) + 8*y(t). What is q(-2)?
-19
Let d be 2/(-8) + (-2)/(-8). Let t(p) = -p**3 + p**2 + p - 1. Let w(z) = 11*z**2 - 24*z**2 + 9*z**2 - 5*z + 11 + 3*z**3. Let o(b) = 4*t(b) + w(b). What is o(d)?
7
Let p(w) = -2*w + 18. Let f(x) = 1. Suppose -t + 0 = -2. Let o(m) = t*p(m) - 36*f(m). Let g = 3 + -4. Calculate o(g).
4
Let l be 5 + 11 - (4 + -1). Let f(y) = 6 + y - 28 + l. Give f(8).
-1
Suppose -4*z - 52 = 4*l, -z - l = -6*l - 17. Let t(m) = -m**2 - 8*m - 10. Give t(z).
-10
Let o(m) = m**2 - m + 8. Suppose 0 = 3*u - 0*u - 6. Suppose 0 = q - u - 2. Let g(a) = -a**2 + 2*a - 7. Let r(w) = q*g(w) + 3*o(w). Determine r(3).
2
Let j(z) = 13*z - 18. Let s(f) = 7*f - 8. Let p(x) = -6*j(x) + 11*s(x). Let h be p(24). Let l(w) = w**3 + 4*w**2 - 4*w + 5. Determine l(h).
21
Let c(h) = 6*h - 20. Suppose 194*d + 126 = 215*d. What is c(d)?
16
Let w(a) = -5*a**2 - 1. Let v be 42/9 - 2/3. Suppose -v*u = -u + 2*g, -3*u + 3 = 3*g. Let l be 1/(u - 1/(-1)). Give w(l).
-6
Let l be 2*(-4)/(-2) - -3. Let n = 2 - l. Let f(z) = -z**2 - 5*z + 1. Give f(n).
1
Let q(n) = -26*n**2 - 11*n - 9. Let y(k) = -9*k**2 - 4*k - 3. Let f be 4/(-22) + (-369)/(-33). Let o = 28 - f. Let c(s) = o*y(s) - 6*q(s). Calculate c(2).
11
Let j(n) = n**2 - 5*n + 7. Suppose 27*o = 9*o + 108. What is j(o)?
13
Let x(i) be the second derivative of i**5/20 - 5*i**4/6 - 2*i**3/3 + 11*i**2/2 - 266*i. Determine x(10).
-29
Let i(o) = o**3 + 7*o**2 + 9*o + 8. Suppose 11*n = 727 + 648. Let b = 119 - n. Give i(b).
-10
Let b(r) = -r + 2. Let v be b(0). Let q(p) = p + 2. Let z(i) = i + 2. Let m(l) = -7*q(l) + 6*z(l). Determine m(v).
-4
Let h(l) = -6*l**3 - l**2 - l - 1. Let z be h(-1). Suppose 8 = -z*f + 9*f. Let v(y) = 5*y - 9*y**2 + 3 + 0 - 3*y - f. Give v(-1).
-10
Let g(p) be the second derivative of p**3/6 - 13*p**2/2 - 5*p. Let k(a) = -a**3 - 3*a**2. Let x be k(-3). What is g(x)?
-13
Let r(m) = m**3 - 13*m + 9 - 5*m**2 - 6*m**2 + 7. Let g be r(12). Let h(n) = 6*n - n**2 + g*n**2 - 4*n**2 - 5*n. What is h(-1)?
-2
L